52526707 a prime number?
True
Is 4436554 prime?
False
Is 5643949 prime?
False
Is 104532497 a prime number?
False
Is 96956683 composite?
False
Is 102114185 a composite number?
True
Is 25766833 composite?
True
Is 162426349 a composite number?
True
Is 131100173 a prime number?
False
Is 13375267 prime?
True
Is 97524727 a composite number?
False
Is 1258433861 a composite number?
False
Is 964417 prime?
True
Is 675713 a prime number?
True
Is 5540221 composite?
False
Is 31340459 composite?
False
Is 186124567 composite?
False
Is 71637521 composite?
False
Is 33042131 a prime number?
True
Is 77590483 composite?
False
Is 16451351 prime?
False
Is 176488709 composite?
True
Is 418094839 a composite number?
False
Is 30932227 a prime number?
False
Is 534481 prime?
False
Is 11434498 composite?
True
Is 321889 prime?
True
Is 29077199 a prime number?
True
Is 4735103 a composite number?
False
Is 9039077 a prime number?
False
Is 7886393 prime?
True
Is 4017397 prime?
True
Is 168239 composite?
True
Is 1299745 a composite number?
True
Is 38854609 a prime number?
True
Is 1007363 a prime number?
False
Is 30616877 prime?
True
Is 1564991 prime?
True
Is 403162597 a composite number?
False
Is 54350489 a composite number?
True
Is 553229 prime?
True
Is 436681 a composite number?
True
Is 88902347 prime?
True
Is 735064453 a composite number?
False
Is 8851657 prime?
True
Is 867107 a composite number?
True
Is 3331283 prime?
False
Is 117737783 a prime number?
False
Is 4597421 prime?
True
Is 5185619 a prime number?
True
Is 5519879 a prime number?
True
Is 19393589 a composite number?
False
Is 47456729 a composite number?
False
Is 2057889 prime?
False
Is 15340893 a composite number?
True
Is 123237545 a composite number?
True
Is 1627433 composite?
True
Is 1576513 a prime number?
False
Is 11956801 composite?
False
Is 83089 prime?
True
Is 2439383 a prime number?
False
Is 28650859 composite?
True
Is 344190383 composite?
True
Is 285011689 prime?
True
Is 1117715 composite?
True
Is 30445211 prime?
True
Is 112276601 composite?
False
Is 556477 composite?
False
Is 1001092987 a composite number?
False
Is 3503221 composite?
False
Is 234468733 prime?
False
Is 2750339 composite?
False
Is 481079851 a prime number?
False
Is 1025093 a composite number?
False
Is 1175591 a prime number?
True
Is 2724109 prime?
True
Is 7213937 composite?
False
Is 10679651 a prime number?
True
Is 47801113 composite?
False
Is 27001867 composite?
True
Is 30533903 prime?
False
Is 3739381 a prime number?
True
Is 455296649 composite?
False
Is 952103 a composite number?
True
Is 6317267 prime?
False
Is 71639 prime?
False
Is 11510831 a prime number?
True
Is 3261341 a prime number?
False
Is 282221 a prime number?
True
Is 23246627 a composite number?
False
Is 758155 prime?
False
Is 100701389 a prime number?
True
Is 72089483 prime?
False
Is 345473 a prime number?
True
Is 158107 a composite number?
True
Is 2362189 composite?
True
Is 1144189857 prime?
False
Is 20589281 a composite number?
True
Is 191999 a prime number?
True
Is 692903 a composite number?
True
Is 21385447 prime?
False
Is 5228263 a prime number?
True
Is 35940881 a prime number?
False
Is 13550833 a composite number?
False
Is 13094867 a composite number?
True
Is 26749 a composite number?
True
Is 1190417 prime?
True
Is 7231622 prime?
False
Is 17502157 prime?
False
Is 77340127 composite?
True
Is 1996649 a composite number?
False
Is 409153 prime?
True
Is 341032817 composite?
False
Is 55323721 composite?
False
Is 2087531 a composite number?
False
Is 86335177 a prime number?
True
Is 51336569 a prime number?
True
Is 5336063 a composite number?
True
Is 6201593 composite?
True
Is 4307827 a prime number?
True
Is 271148479 a composite number?
True
Is 203328173 prime?
True
Is 10818323 a composite number?
False
Is 181499 a composite number?
False
Is 24918577 prime?
False
Is 19801309 prime?
False
Is 4426991 composite?
True
Is 13817987 composite?
False
Is 74534857 prime?
True
Is 231586 a prime number?
False
Is 15746803 a prime number?
True
Is 738941 composite?
True
Is 1563739 a composite number?
False
Is 3255073 a prime number?
False
Is 6775919 composite?
False
Is 56011763 a composite number?
True
Is 686947 a prime number?
True
Is 2925431 composite?
True
Is 2186141 a composite number?
False
Is 94449959 a composite number?
False
Is 149280427 composite?
False
Is 2084717 a composite number?
True
Is 1671637 a composite number?
True
Is 2549171 composite?
False
Is 394787 prime?
True
Is 172701149 a prime number?
True
Is 1151447 a composite number?
True
Is 15587743 a composite number?
True
Is 40567301 prime?
True
Is 35584007 a prime number?
True
Is 5809957 a composite number?
True
Is 262187 a prime number?
True
Is 240229 composite?
True
Is 468721 a prime number?
False
Is 5415499 composite?
False
Is 315264341 composite?
True
Is 38370903 a prime number?
False
Is 31881797 prime?
True
Is 7475201 a composite number?
False
Is 306993307 a prime number?
False
Is 284056481 composite?
False
Is 120613427 a composite number?
True
Is 5900821 a composite number?
True
Is 3199103 a composite number?
True
Is 16472149 a prime number?
True
Is 5740043 a composite number?
False
Is 3052121 a prime number?
False
Is 1007087 a prime number?
False
Is 67601 composite?
False
Is 46972973 a composite number?
False
Is 714149731 a prime number?
True
Is 179555 a prime number?
False
Is 850753 composite?
False
Is 3258029 a prime number?
True
Is 4025063 a composite number?
True
Is 165624271 prime?
True
Is 14804549 a composite number?
True
Is 32166697 composite?
True
Is 159608609 prime?
True
Is 239331 a composite number?
True
Is 3233119 composite?
False
Is 34268623 a prime number?
False
Is 1110671 a composite number?
True
Is 10855291 prime?
False
Is 21711427 a composite number?
True
Is 35268281 a composite number?
True
Is 29222623 composite?
False
Is 2667329 prime?
False
Is 186343 a prime number?
True
Is 128492941 a composite number?
False
Is 570629091 a prime number?
False
Is 767509 prime?
True
Is 7050761 prime?
True
Is 377544353 composite?
False
Is 224813 a prime number?
True
Is 2836069 composite?
False
Is 108369511 a prime number?
False
Is 93465161 a composite number?
True
Is 427946837 prime?
True
Is 29915266 prime?
False
Is 5213821 composite?
False
Is 14688253 prime?
True
Is 3209177 composite?
False
Is 1205161 prime?
False
Is 291322 composite?
True
Is 141836647 a composite number?
True
Is 70905013 a prime number?
False
Is 4391131 composite?
False
Is 42920543 a composite number?
False
Is 10857023 composite?
True
Is 342524321 prime?
False
Is 698821 composite?
False
Is 1771673 prime?
True
Is 172280987 composite?
False
Is 5863829 a composite number?
True
Is 120544601 a prime number?
False
Is 14255849 composite?
True
Is 208183637 a prime number?
True
Is 189344677 a prime number?
True
Is 986300843 prime?
False
Is 35298529 a composite number?
True
Is 92153 prime?
True
Is 2448509 a composite number?
True
Is 123462667 a composite number?
True
Is 718912853 prime?
True
Is 89199874 composite?
True
Is 766039 a composite number?
False
Is 9071051 a prime number?
False
Is 1175173 prime?
True
Is 9841138 composite?
True
Is 2290787 a prime number?
False
Is 68362243 prime?
False
Is 5016379 a composite number?
False
Is 151435939 a composite number?
False
Is 63905579 composite?
True
Is 45255943 a prime number?
True
Is 19581937 composite?
False
Is 887759 a prime number?
True
Is 95775413 prime?
False
Is 84191026 prime?
False
Is 180479681 a prime number?
False
Is 17170297 composite?
False
Is 70267531 a composite number?
False
Is 263837 composite?
True
Is 185601037 composite?
True
Is 489109 composite?
False
Is 6279541 a composite number?
False
Is 7528607 a prime number?
True
Is 1186033 a composite number?
False
Is 809553 a composite number?
True
Is 2280319 prime?
True
Is 26162013 composite?
True
Is 58128931 a prime number?
False
Is 1023821 a prime number?
True
Is 12767969 composite?
True
Is 38399333 a composite number?
True
Is 80661511 prime?
False
Is 138128869 a composite number?
True
Is 151260803 a composite number?
False
Is 88387063 a prime number?
False
Is 220516561 a prime number?
True
Is 22790851 a prime number?
False
Is 55843651 a composite number?
True
Is 9554507 a composite number?
False
Is 205555291 prime?
True
Is 60725381 prime?
True
Is 